. What is s(-1)?
6
Let h(s) = 3 + 9 - 11 + s**3 - 10*s**2 + 8*s. Determine h(9).
-8
Let y(s) be the third derivative of s**7/2520 - s**6/180 + s**5/60 + 8*s**2. Let f(b) be the third derivative of y(b). Determine f(4).
4
Let m(y) = y + 4. Let c be m(3). Suppose 0 = -5*r + c*r. Let j(t) = t**3 + t**2 - t - 5. What is j(r)?
-5
Let u(d) = d + 3. Let t = -11 + 10. Let n be (-2 - t)/(3/18). What is u(n)?
-3
Let g(i) = -i**2 + 3*i + 3. Suppose 0 = -2*r + 3*r + 35. Let s be 10/r - (-37)/7. Determine g(s).
-7
Let c = 7 - 15. Let p = -6 - c. Let q(z) = 1 - 3*z**p + z + z + 10*z**2. What is q(-1)?
6
Let q(l) = -l**2 - 11*l + 9. Let m be q(-11). Let x(h) be the second derivative of -h**3/6 + 5*h**2 - 2*h. Give x(m).
1
Suppose 5*v + 0*v - 3*m = -18, -3*m = v. Let l(w) be the third derivative of -w**6/120 - w**5/20 + w**4/6 + w**3/2 - 2*w**2. Calculate l(v).
-9
Let t(p) be the third derivative of -p**4/12 - 7*p**3/6 - 3*p**2. Let q be -1 + 5 - 5 - 4. Give t(q).
3
Let p(u) = u**3 + 6*u**2 - 2*u - 8. Let x be p(-6). Let k(f) = 1. Let y(d) = 2*d - 16. Let l = -9 + 10. Let m(a) = l*y(a) + 10*k(a). Determine m(x).
2
Let l be (0 - 0)*-1 - -2. Suppose 0 = -o - l*o - 6. Let q(d) be the second derivative of d**5/20 + d**4/3 - d**2/2 + d. Give q(o).
7
Let q(y) be the first derivative of y**3/3 + y**2/2 - 2*y - 3. Let o be q(-3). Let a(g) = 4*g**3 - 3*g**3 + o - g**2 + 0*g**3. Give a(0).
4
Suppose 6 = -2*u - 0*u. Let q be (-1)/u - 84/(-18). Let j(g) = -15*g + 35. Let r(d) = 7*d - 17. Let c(o) = 6*j(o) + 13*r(o). Give c(q).
-6
Let g(m) = -2*m - 1. Let y(i) be the third derivative of i**6/120 - 3*i**5/20 - 3*i**2. Let p be y(9). Let c be (1 + p + 2)*-1. Calculate g(c).
5
Let m(k) be the second derivative of k**4/12 - 3*k**3/2 + 4*k**2 + 12*k. Give m(7).
-6
Let v(r) be the second derivative of -r**4/12 + 5*r**3/6 - r**2/2 + 2*r. Let o = -4 + 9. Let i(n) = -n + 10. Let t be i(o). Calculate v(t).
-1
Suppose 0 = 3*o + 24. Let d(k) = -k**2 - 10*k - 10. What is d(o)?
6
Let m(j) = -j**3 - j + 1. Let o be 1*5/(10/16). Let r be o/(-6)*3/(-2). Give m(r).
-9
Let b(g) = -5*g + 1. Let k be b(-2). Let p = 15 - k. Let r(t) = t**2 - t - 4 - 4*t + t**2. Calculate r(p).
8
Let z(x) = x + 3. Let f(s) = s**2 - s - 2. Let d(m) = -3*f(m) - 2*z(m). What is d(3)?
-24
Let f(q) = -q**3 + 2*q**2 + q + 6. Let m be f(3). Let n(y) = -y**2 - 6. Give n(m).
-6
Suppose 4*j = j - q + 2, 0 = 4*j + 4*q + 8. Let o(r) = -r. Let f(i) = 2*i**2 - 6*i. Let y(u) = -f(u) + 5*o(u). Determine y(j).
-6
Let z(r) be the second derivative of -r**4/6 + r**3/3 - r**2 - 12*r. Give z(2).
-6
Let k(u) = -u**2 - 5*u + 36. Let p be k(-9). Let w(m) be the second derivative of m**2 + 1/3*m**3 - m + p. Determine w(-2).
-2
Let j(d) be the second derivative of -d**5/120 - d**4/6 - 2*d**3/3 - 5*d. Let g(r) be the second derivative of j(r). Give g(0).
-4
Let s(u) be the first derivative of u**3/3 + 2*u**2 + 6*u - 3. Let w be 1 + (-1 - -6)*1. Let o be (w/5)/(6/(-20)). Determine s(o).
6
Let d(k) = k**3 + 1. Let w(c) = 6*c**3 + c + 3. Let x(y) = 5*d(y) - w(y). Determine x(0).
2
Let n(u) = u + 5. Let p = 1 + 1. Let f be 5 + ((-20)/12 - (-3)/(-9)). Let x be f/p*(-16)/6. Calculate n(x).
1
Let k(p) = -p**3 - 3*p**2 - p + 2. Let l = -14 - -11. Calculate k(l).
5
Let g(c) = -3*c + 7. Let o be g(0). Let z(l) = l**3 - 8*l**2 + 7*l + 3. Calculate z(o).
3
Let p(t) = -t**2 - 5*t - 2. Let b be p(-4). Let j(a) = a**3 - 3*a**2 + 4 + 7*a**b + 2*a**2 + 7*a. Let g(q) = 5*q**3 + q**2 - 1. Let i be g(-1). What is j(i)?
-6
Let y(z) = -z. Let g(w) = -7*w - 3. Let l(k) = g(k) - 6*y(k). Determine l(-6).
3
Let p(c) be the second derivative of 4*c**2 - 1/6*c**3 + 2*c + 0. Give p(6).
2
Suppose 0 = 4*s - 28 + 4. Let m(c) = -c**2 + 6*c + 1. Give m(s).
1
Let b(u) = -5*u**2. Let x(j) = j**2 + 2*j + 2. Let p be x(-2). Suppose -k - p*k + 3 = 0. Suppose 5*d - k = 4. Determine b(d).
-5
Let l be (0 - -3)/((-9)/(-3))*-1. Let y(k) = -11*k**2 - 2*k - 1. Determine y(l).
-10
Let y be (8/6*-3)/(-6). Let t(j) be the second derivative of y*j**3 + 2*j**2 + 0 - 3*j. Give t(-4).
-12
Let f(x) = x + 2. Let y be f(-6). Let l(p) = 3*p - 5 - 10*p + 4. Let w(m) = 4*m. Let r(t) = -3*l(t) - 5*w(t). Calculate r(y).
-1
Let b(w) be the second derivative of w**5/20 + w**4/3 + 2*w**3/3 + 3*w**2/2 - w. What is b(-2)?
3
Let c be (-4)/(-10) + (-165)/(-25). Let z(v) = 2*v - 7. Let w be z(c). Let b(a) = a**3 - 8*a**2 + 6*a + 9. Give b(w).
2
Let n(s) be the second derivative of 4*s**3/3 + s**2/2 + s. Suppose 0*g + 2*g = -2. Give n(g).
-7
Let m(x) = 2*x + 1. Suppose 15*l = 7*l + 24. What is m(l)?
7
Let i(x) be the first derivative of x**4/2 - x**3/3 - x**2/2 + x - 4. Determine i(1).
1
Let f(v) be the first derivative of -v**4/4 - 2*v**3 - v**2 + 4*v + 13. Give f(-5).
-11
Let n(b) = 7*b**3 - b**2 + 4*b. Let p = -5 - -2. Let y(u) be the third derivative of u**6/120 + u**4/24 + 2*u**2. Let d(j) = p*y(j) + n(j). Calculate d(1).
4
Let s(z) = -3*z**3 - 3*z**2 + 11*z - 17. Let i(n) = -4*n**3 - 5*n**2 + 16*n - 25. Let a(p) = -5*i(p) + 7*s(p). Let d = 12 - 8. Determine a(d).
-6
Let u(l) = -l**2 + 6*l - 4. Let z(k) = k**3 - 5*k**2 + 5*k + 2. Let v be z(4). Determine u(v).
-4
Let t(h) = -h**2 + 7*h - 2. Let w(n) = -n + 7. Let s be w(8). Let i be 7/(2/(1 - s)). Let d be t(i). Let u(v) = v**3 - 3*v - 1. Calculate u(d).
-3
Let c be 12/10*3*(-5)/(-3). Let p(d) = d**2 - 8*d + 6. Determine p(c).
-6
Suppose -k = d + 2, 3*k - d + 5 = -1. Let o be (-9)/6*k/(-1). Let g be 0 - (o/(-3) + -2). Let p(h) = -h**2 - 2*h + 1. Determine p(g).
-2
Let d = 1 - -2. Let b(i) = i**2 + 2*i - d*i + 0*i - 12*i**2 + 1. Calculate b(1).
-11
Let t(h) be the first derivative of -h**3/3 - 5*h**2/2 + 4*h - 1. Suppose -44 = 4*d + 5*r, d + 0*d + 14 = -2*r. Determine t(d).
-2
Let d(a) = -5*a**3 + 3*a**2 + 11*a + 17. Let n(h) = h**3 + h**2 - 1. Let u(x) = -d(x) - 6*n(x). Give u(-8).
13
Let w(p) = -4*p**2 - 5*p + 7 - p**3 + p + 3*p + 5*p**2. Give w(0).
7
Let k(s) = -s - 1. Let j(z) = -z**2 - 4*z - 2. Let l(r) = -j(r) + 2*k(r). Let u be (-14)/6 + 2/6. What is l(u)?
0
Let u(q) = -q - 1. Let o(a) = -3*a + 1. Let z(k) = -o(k) + 4*u(k). Let f be z(-6). Let b(h) = -6*h**2 + h - 1. What is b(f)?
-6
Let l(c) = 5 - c + 0*c + 1 - 3. Give l(-5).
8
Let z(h) = -h**2 + 2. Suppose 14 = g - 2*j, 5*g + 3*j = 2*j + 15. Suppose 0 = -g*o + o + 12. Suppose 0 = -2*s + o*s + 4. Calculate z(s).
-2
Let g be (-4)/(2/(-2)*6). Let z(x) be the second derivative of 0 - 1/12*x**4 - 3/2*x**2 + x - g*x**3. Give z(-4).
-3
Let c(d) = -3*d + 13. Let w(t) = 16*t - 66. Let l(n) = -11*c(n) - 2*w(n). Let u be l(10). Let m(b) = -2*b**3 + 2*b**2 + b. Determine m(u).
3
Let u(r) = 3 + 2 - r + 0. Let y(v) = v**2 + 8 + 5*v**2 - 6 + 5*v - v**2 + v**3. Let p be y(-3). Determine u(p).
0
Let j(a) = -a**3 + 2*a**2 - a. Let g(m) = m**2 + 7*m + 8. Let h be (4/(-3))/((-8)/(-36)). Let n be g(h). Calculate j(n).
-2
Let d(h) = 13*h - 8*h + 2 - 3. Calculate d(1).
4
Let n(g) = 2*g**3 + g**2 - 3*g - 1. Suppose 0 = -2*q + 5 - 9. Let v(z) = z**3 + 2*z**2 - 2. Let b be v(q). Calculate n(b).
-7
Suppose -2*f + 20 = 3*m, -m - 3*f + 8 + 1 = 0. Let w(s) = s**2 - 8*s + 9. Calculate w(m).
-3
Let x(l) = 3*l + 13. Suppose 144*d - 145*d - 6 = 0. What is x(d)?
-5
Let d(v) = -60*v - 39. Let u(a) = 3*a + 2. Let r(z) = -6*d(z) - 117*u(z). Suppose -1 = y - 3*y + 3*c, 5*y - c + 4 = 0. Calculate r(y).
-9
Suppose -4*g + 20 = -4*w + w, w - 25 = -5*g. Suppose u + 4*u = w. Let f(i) = i**3 - i**2 - 2. What is f(u)?
-2
Suppose -5*q = 4*j - 9 - 9, -j + 2*q - 2 = 0. Let h = j + -1. Let k be h + -1 - (-2 - 1). Let m(u) = -u**3 + 3*u**2 - 3. Give m(k).
-3
Let x = 3 - 5/2. Let d(c) be the first derivative of c + x*c**2 + 1. Calculate d(-4).
-3
Let b(f) be the first derivative of -4*f**2 + f - 5. Give b(-1).
9
Let r(f) = f + 1. Let q = 17 - 9. Let o(l) = -2*l**3 + 7*l**2 + l**3 + 20*l + 11 - 14*l. Let j be o(q). What is r(j)?
-4
Suppose 54 = -2*j + 5*j. Let v be 4/3*j/(-4). Let p(i) = i**3 + 7*i**2 + 5*i - 1. Determine p(v).
5
Let g(p) = -p - 2. Let i = 25 - 19. Let t be (-2 - -8)*4/i. What is g(t)?
-6
Suppose -2*z = -12*z. Let l(v) = 0*v + 8 + 2*v - v**2 - v**3 - 3*v. Give l(z).
8
Let n be (4/3)/(22/(-33)). Let k(j) = -j - 1. Let v(l) = 4*l + 2. Let h(a) = n*v(a) - 4*k(a). Calculate h(-1).
4
Let y(l) = l**2 + 6*l + 6. Let p be y(-5). Let